{"id":872,"date":"2017-04-06T10:42:55","date_gmt":"2017-04-06T07:42:55","guid":{"rendered":"http:\/\/web1.kamit.fi\/kajakdc2\/?page_id=872"},"modified":"2022-01-19T12:50:20","modified_gmt":"2022-01-19T10:50:20","slug":"hall-of-fame","status":"publish","type":"page","link":"https:\/\/kajakdc.fi\/?page_id=872","title":{"rendered":"Hall of Fame"},"content":{"rendered":"<p>&nbsp;<\/p>\r\n\r\n\r\n\r\n<p>Meill\u00e4 on Suomen parhaat opiskelijat, joista jokainen on tuonut omalla osaamisellaan jotain osaksi DC-koulutustamme. Opiskelijamme ovat syy, miksi haluamme jatkuvasti kehitt\u00e4\u00e4 oppimisymp\u00e4rist\u00f6\u00e4mme.\u00a0T\u00e4ll\u00e4 sivulla on mainittu opiskelijat, jotka normaalin opiskelun lis\u00e4ksi ovat\u00a0edist\u00e4neet Datacenter-oppimisymp\u00e4rist\u00f6n kehittymist\u00e4 Suomen parhaaksi. Kiitos teille kaikille.<\/p>\r\n\r\n\r\n\r\n<h2 class=\"wp-block-heading\">Kajak DC -brand<\/h2>\r\n\r\n\r\n\r\n<div class=\"wp-block-image\"><img loading=\"lazy\" decoding=\"async\" class=\"size-medium wp-image-2230 alignleft\" src=\"https:\/\/kajakdc.fi\/wp-content\/uploads\/2022\/01\/DC_Crest_BLACK_FINAL-300x275.png\" alt=\"\" width=\"300\" height=\"275\" srcset=\"https:\/\/kajakdc.fi\/wp-content\/uploads\/2022\/01\/DC_Crest_BLACK_FINAL-300x275.png 300w, https:\/\/kajakdc.fi\/wp-content\/uploads\/2022\/01\/DC_Crest_BLACK_FINAL-164x150.png 164w, https:\/\/kajakdc.fi\/wp-content\/uploads\/2022\/01\/DC_Crest_BLACK_FINAL-150x137.png 150w, https:\/\/kajakdc.fi\/wp-content\/uploads\/2022\/01\/DC_Crest_BLACK_FINAL.png 426w\" sizes=\"auto, (max-width: 300px) 100vw, 300px\" \/><\/div>\r\n\r\n\r\n\r\n<p><em>Paula Kivist\u00f6 <\/em>KAT10J<br \/><em>Miro Vesterinen <\/em>KAT11P<br \/><em>Ilkka Sorsa <\/em>TTK14SD<br \/><em>Kiia Hautam\u00e4ki <\/em>TTK15SD<br \/><em>Jasmin Huttunen <\/em>TTK15SD<\/p>\r\n\r\n\r\n\r\n<h2 class=\"wp-block-heading\">\u00a0<\/h2>\r\n\r\n\r\n\r\n<h2 class=\"has-text-align-right wp-block-heading\">Kajak DC goes Funet<\/h2>\r\n\r\n\r\n\r\n<div class=\"wp-block-image\"><img loading=\"lazy\" decoding=\"async\" class=\"alignright size-full wp-image-2232\" src=\"https:\/\/kajakdc.fi\/wp-content\/uploads\/2022\/01\/funetcert.png\" alt=\"\" width=\"200\" height=\"64\" srcset=\"https:\/\/kajakdc.fi\/wp-content\/uploads\/2022\/01\/funetcert.png 200w, https:\/\/kajakdc.fi\/wp-content\/uploads\/2022\/01\/funetcert-150x48.png 150w\" sizes=\"auto, (max-width: 200px) 100vw, 200px\" \/><\/div>\r\n\r\n\r\n\r\n<p class=\"has-text-align-right\"><em>Mikko Koskela<\/em> KAT13J<br \/><em>Touko M\u00f6tt\u00f6nen<\/em> KAT13J<\/p>\r\n\r\n\r\n\r\n<h2 class=\"wp-block-heading\">Anturista pilveen<\/h2>\r\n\r\n\r\n\r\n<div class=\"wp-block-image\"><img loading=\"lazy\" decoding=\"async\" class=\"size-full wp-image-2233 alignleft\" src=\"https:\/\/kajakdc.fi\/wp-content\/uploads\/2022\/01\/anturista_pilveen.jpg\" alt=\"\" width=\"200\" height=\"222\" srcset=\"https:\/\/kajakdc.fi\/wp-content\/uploads\/2022\/01\/anturista_pilveen.jpg 200w, https:\/\/kajakdc.fi\/wp-content\/uploads\/2022\/01\/anturista_pilveen-135x150.jpg 135w\" sizes=\"auto, (max-width: 200px) 100vw, 200px\" \/><\/div>\r\n\r\n\r\n\r\n<p><br \/><em>Antero Juutinen<\/em> KAT13J<\/p>\r\n\r\n\r\n\r\n<h2 class=\"wp-block-heading\">\u00a0<\/h2>\r\n\r\n\r\n\r\n<p>&nbsp;<\/p>\r\n\r\n\r\n\r\n<h2 class=\"has-text-align-right wp-block-heading\">Kamk Game Fest (KGF)<\/h2>\r\n\r\n\r\n\r\n<div class=\"wp-block-image\"><img loading=\"lazy\" decoding=\"async\" class=\"alignright size-medium wp-image-2235\" src=\"https:\/\/kajakdc.fi\/wp-content\/uploads\/2022\/01\/kgf-300x36.png\" alt=\"\" width=\"300\" height=\"36\" srcset=\"https:\/\/kajakdc.fi\/wp-content\/uploads\/2022\/01\/kgf-300x36.png 300w, https:\/\/kajakdc.fi\/wp-content\/uploads\/2022\/01\/kgf-250x30.png 250w, https:\/\/kajakdc.fi\/wp-content\/uploads\/2022\/01\/kgf-150x18.png 150w, https:\/\/kajakdc.fi\/wp-content\/uploads\/2022\/01\/kgf.png 400w\" sizes=\"auto, (max-width: 300px) 100vw, 300px\" \/><\/div>\r\n\r\n\r\n\r\n<p class=\"has-text-align-right\"><i>KAT12J-ryhm\u00e4<\/i><\/p>\r\n\r\n\r\n\r\n<h2 class=\"wp-block-heading\">\u00a0<\/h2>\r\n\r\n\r\n\r\n<h2 class=\"wp-block-heading\">Ensimm\u00e4inen Black Bible<\/h2>\r\n\r\n\r\n\r\n<div class=\"wp-block-media-text alignwide is-vertically-aligned-bottom\" style=\"grid-template-columns: 15% auto;\">\r\n<figure class=\"wp-block-media-text__media\"><img loading=\"lazy\" decoding=\"async\" width=\"214\" height=\"300\" class=\"wp-image-1803\" src=\"https:\/\/kajakdc.fi\/wp-content\/uploads\/2020\/01\/lfs_cover-214x300-1.png\" alt=\"\" srcset=\"https:\/\/kajakdc.fi\/wp-content\/uploads\/2020\/01\/lfs_cover-214x300-1.png 214w, https:\/\/kajakdc.fi\/wp-content\/uploads\/2020\/01\/lfs_cover-214x300-1-107x150.png 107w\" sizes=\"auto, (max-width: 214px) 100vw, 214px\" \/><\/figure>\r\n<div class=\"wp-block-media-text__content\">\r\n<p><em>Milla-Roosa Waris <\/em>TTK15SD<\/p>\r\n<\/div>\r\n<\/div>\r\n\r\n\r\n\r\n<h2 class=\"wp-block-heading\">\u00a0<\/h2>\r\n\r\n\r\n\r\n<h2 class=\"has-text-align-right wp-block-heading\">Kajak DC goes IPv6 (+ omat DNS:t)<\/h2>\r\n\r\n\r\n\r\n<div class=\"wp-block-media-text alignwide has-media-on-the-right is-vertically-aligned-bottom\" style=\"grid-template-columns: auto 18%;\">\r\n<figure class=\"wp-block-media-text__media\"><img loading=\"lazy\" decoding=\"async\" width=\"280\" height=\"149\" class=\"wp-image-1810\" src=\"https:\/\/kajakdc.fi\/wp-content\/uploads\/2020\/01\/ietf-logo.e4b6ca0dd271-1.gif\" alt=\"\" \/><\/figure>\r\n<div class=\"wp-block-media-text__content\">\r\n<p class=\"has-text-align-right\"><em>Otto Kemppainen <\/em>TTK17SD<\/p>\r\n<\/div>\r\n<\/div>\r\n<!-- \/wp:post-content -->\r\n\r\n<!-- wp:heading -->\r\n<h2>\u00a0<\/h2>\r\n<!-- \/wp:heading -->\r\n\r\n<!-- wp:heading -->\r\n<h2>Kajak DC Aktiivi Alumni<\/h2>\r\n<!-- \/wp:heading -->\r\n\r\n<!-- wp:media-text {\"mediaId\":1803,\"mediaType\":\"image\",\"mediaWidth\":15,\"verticalAlignment\":\"bottom\",\"imageFill\":false,\"focalPoint\":{\"x\":0.18,\"y\":0.13}} -->\r\n<div class=\"wp-block-media-text alignwide is-vertically-aligned-bottom\" style=\"grid-template-columns: 15% auto;\">\r\n<figure class=\"wp-block-media-text__media\"><img decoding=\"async\" class=\"wp-image-1803\" src=\"https:\/\/kajakdc.fi\/wp-content\/uploads\/2020\/09\/Kajakdc_pixel_medium.png\" alt=\"\" \/><\/figure>\r\n<div class=\"wp-block-media-text__content\"><!-- wp:paragraph -->\r\n<p><em>Kalle Sirkesalo <\/em>KAT12J<\/p>\r\n<!-- \/wp:paragraph --><\/div>\r\n<\/div>\r\n<!-- \/wp:media-text -->\r\n\r\n<!-- wp:paragraph -->\r\n<p><em><small>Listaa yll\u00e4pit\u00e4\u00e4 Joona. Jos koet, ett\u00e4 olen unohtanut lis\u00e4t\u00e4 t\u00e4nne jonkun &#8211; laita viesti\u00e4!<\/small><\/em><\/p>\r\n<!-- \/wp:paragraph -->","protected":false},"excerpt":{"rendered":"<p>&nbsp; Meill\u00e4 on Suomen parhaat opiskelijat, joista jokainen on tuonut omalla osaamisellaan jotain osaksi DC-koulutustamme. Opiskelijamme ovat syy, miksi haluamme jatkuvasti kehitt\u00e4\u00e4 oppimisymp\u00e4rist\u00f6\u00e4mme.\u00a0T\u00e4ll\u00e4 sivulla on mainittu opiskelijat, jotka normaalin opiskelun lis\u00e4ksi ovat\u00a0edist\u00e4neet Datacenter-oppimisymp\u00e4rist\u00f6n kehittymist\u00e4 Suomen parhaaksi. Kiitos teille kaikille. Kajak DC -brand Paula Kivist\u00f6 KAT10JMiro Vesterinen KAT11PIlkka Sorsa TTK14SDKiia Hautam\u00e4ki\u2026 <a class=\"continue-reading-link\" href=\"https:\/\/kajakdc.fi\/?page_id=872\">Jatka lukemista<\/a><\/p>\n","protected":false},"author":8,"featured_media":0,"parent":0,"menu_order":0,"comment_status":"closed","ping_status":"closed","template":"templates\/template-onecolumn.php","meta":{"footnotes":""},"class_list":["post-872","page","type-page","status-publish","hentry"],"_links":{"self":[{"href":"https:\/\/kajakdc.fi\/index.php?rest_route=\/wp\/v2\/pages\/872","targetHints":{"allow":["GET"]}}],"collection":[{"href":"https:\/\/kajakdc.fi\/index.php?rest_route=\/wp\/v2\/pages"}],"about":[{"href":"https:\/\/kajakdc.fi\/index.php?rest_route=\/wp\/v2\/types\/page"}],"author":[{"embeddable":true,"href":"https:\/\/kajakdc.fi\/index.php?rest_route=\/wp\/v2\/users\/8"}],"replies":[{"embeddable":true,"href":"https:\/\/kajakdc.fi\/index.php?rest_route=%2Fwp%2Fv2%2Fcomments&post=872"}],"version-history":[{"count":39,"href":"https:\/\/kajakdc.fi\/index.php?rest_route=\/wp\/v2\/pages\/872\/revisions"}],"predecessor-version":[{"id":2237,"href":"https:\/\/kajakdc.fi\/index.php?rest_route=\/wp\/v2\/pages\/872\/revisions\/2237"}],"wp:attachment":[{"href":"https:\/\/kajakdc.fi\/index.php?rest_route=%2Fwp%2Fv2%2Fmedia&parent=872"}],"curies":[{"name":"wp","href":"https:\/\/api.w.org\/{rel}","templated":true}]}}